{"id":2,"date":"2015-09-11T17:36:07","date_gmt":"2015-09-11T14:36:07","guid":{"rendered":"https:\/\/viiser.ee\/wordpress\/?page_id=2"},"modified":"2015-09-12T11:37:53","modified_gmt":"2015-09-12T08:37:53","slug":"demoleht","status":"publish","type":"page","link":"https:\/\/viiser.ee\/","title":{"rendered":"Nime lugu"},"content":{"rendered":"<p><a href=\"https:\/\/viiser.ee\/wp-content\/uploads\/2015\/09\/viiserlogo.jpg\"><img loading=\"lazy\" decoding=\"async\" class=\"wp-image-17 alignleft\" src=\"https:\/\/viiser.ee\/wp-content\/uploads\/2015\/09\/viiserlogo-296x300.jpg\" alt=\"viiserlogo\" width=\"202\" height=\"204\" srcset=\"https:\/\/viiser.ee\/wp-content\/uploads\/2015\/09\/viiserlogo-296x300.jpg 296w, https:\/\/viiser.ee\/wp-content\/uploads\/2015\/09\/viiserlogo-150x150.jpg 150w, https:\/\/viiser.ee\/wp-content\/uploads\/2015\/09\/viiserlogo-1011x1024.jpg 1011w, https:\/\/viiser.ee\/wp-content\/uploads\/2015\/09\/viiserlogo.jpg 1313w\" sizes=\"auto, (max-width: 202px) 100vw, 202px\" \/><\/a>Ansambel Viiser sai alguse eelmise aastatuhande l\u00f5pus &#8211; nii 1995. aasta paiku. Sai tegutsetud ennegi, kuid nime heal lapsel veel polnud. Aga ansamblite \u00fclevaatusel oli vaja igale kollektiivile nimi panna. Sai kaalutud sedasi ja teistpidi, ja tuligi 5 min enne registreerimisele j\u00f5udmist keset Viljandi t\u00e4navat p\u00e4he m\u00f5te: &#8220;Viiser&#8221;. Et on ju igasugused &#8220;&#8230;-erisid&#8221;: server ja roller, farmer ja taimer, kelner &#8230; Iga s\u00f5na t\u00e4histab midagi v\u00f5i kedagi seoses selle asjaga: farm, rullik, aeg. Miks ei v\u00f5iks siis olla viisijupp ja sellega seotud moodustis &#8211; VIISER. Ja kuna sobiv logo 5R ka meeles m\u00f5lkus, oligi asi otsustatud.<\/p>\n<p class=\"caption\">Tjah! Kahek\u00fcmnendamat aastat juba!<\/p>\n<p class=\"caption\">\n<p class=\"caption\">\n<p class=\"caption\"><a href=\"https:\/\/viiser.ee\/wp-content\/uploads\/2015\/09\/viiserlogo.jpg\">\u00a0<\/a><\/p>\n","protected":false},"excerpt":{"rendered":"<p>Ansambel Viiser sai alguse eelmise aastatuhande l\u00f5pus &#8211; nii 1995. aasta paiku. Sai tegutsetud ennegi, kuid nime heal lapsel veel polnud. Aga ansamblite \u00fclevaatusel oli vaja igale kollektiivile nimi panna. Sai kaalutud sedasi ja teistpidi, ja tuligi 5 min enne registreerimisele j\u00f5udmist keset Viljandi t\u00e4navat p\u00e4he m\u00f5te: &#8220;Viiser&#8221;. Et on ju igasugused &#8220;&#8230;-erisid&#8221;: server ja &hellip; <a href=\"https:\/\/viiser.ee\/\" class=\"more-link\">Loe edasi <span class=\"screen-reader-text\">Nime lugu<\/span> <span class=\"meta-nav\">&rarr;<\/span><\/a><\/p>\n","protected":false},"author":1,"featured_media":0,"parent":0,"menu_order":0,"comment_status":"closed","ping_status":"closed","template":"","meta":{"footnotes":""},"class_list":["post-2","page","type-page","status-publish","hentry"],"_links":{"self":[{"href":"https:\/\/viiser.ee\/index.php\/wp-json\/wp\/v2\/pages\/2","targetHints":{"allow":["GET"]}}],"collection":[{"href":"https:\/\/viiser.ee\/index.php\/wp-json\/wp\/v2\/pages"}],"about":[{"href":"https:\/\/viiser.ee\/index.php\/wp-json\/wp\/v2\/types\/page"}],"author":[{"embeddable":true,"href":"https:\/\/viiser.ee\/index.php\/wp-json\/wp\/v2\/users\/1"}],"replies":[{"embeddable":true,"href":"https:\/\/viiser.ee\/index.php\/wp-json\/wp\/v2\/comments?post=2"}],"version-history":[{"count":4,"href":"https:\/\/viiser.ee\/index.php\/wp-json\/wp\/v2\/pages\/2\/revisions"}],"predecessor-version":[{"id":32,"href":"https:\/\/viiser.ee\/index.php\/wp-json\/wp\/v2\/pages\/2\/revisions\/32"}],"wp:attachment":[{"href":"https:\/\/viiser.ee\/index.php\/wp-json\/wp\/v2\/media?parent=2"}],"curies":[{"name":"wp","href":"https:\/\/api.w.org\/{rel}","templated":true}]}}