{"id":7,"date":"2015-09-11T18:08:48","date_gmt":"2015-09-11T15:08:48","guid":{"rendered":"https:\/\/viiser.ee\/wordpress\/?page_id=7"},"modified":"2015-09-12T11:35:34","modified_gmt":"2015-09-12T08:35:34","slug":"osalised","status":"publish","type":"page","link":"https:\/\/viiser.ee\/index.php\/osalised\/","title":{"rendered":"Osalised"},"content":{"rendered":"<p><a href=\"https:\/\/viiser.ee\/wp-content\/uploads\/2015\/09\/100125056.jpg\"><img loading=\"lazy\" decoding=\"async\" class=\"size-medium wp-image-26 alignright\" src=\"https:\/\/viiser.ee\/wp-content\/uploads\/2015\/09\/100125056-200x300.jpg\" alt=\"100125056\" width=\"200\" height=\"300\" srcset=\"https:\/\/viiser.ee\/wp-content\/uploads\/2015\/09\/100125056-200x300.jpg 200w, https:\/\/viiser.ee\/wp-content\/uploads\/2015\/09\/100125056-683x1024.jpg 683w, https:\/\/viiser.ee\/wp-content\/uploads\/2015\/09\/100125056.jpg 1067w\" sizes=\"auto, (max-width: 200px) 100vw, 200px\" \/><\/a>Muusikat teevad b\u00e4ndis kaks noormeest: Marko ja Andres. M\u00f5lemad Suure-Jaani kandi mehed. Muusikalist haridust Andresel muusikakooli jagu ja Markol ka &#8211; tema vend l\u00f5petas Peda\u00a0orkestrijuhtimise eriala. Omaette on m\u00f5lemad pidusid teinud keskoolist alates. 2005. aasta suvest alates m\u00e4ngivad koos.<\/p>\n<p>Muusikaline maitse on kujunenud 80-90-ndate aastate m\u00f5ju all. Seep\u00e4rast ongi repertuaaris mitmeid tollaseid laule &#8211; seda k\u00fcll natuke t\u00e4nap\u00e4evasemas vormis. Meeldivad siiki rohkem hoogsad tantsulised laulud, kuid ka &#8220;valgete rooside&#8221; m\u00e4ngimisega saavad nad hakkama.<\/p>\n","protected":false},"excerpt":{"rendered":"<p>Muusikat teevad b\u00e4ndis kaks noormeest: Marko ja Andres. M\u00f5lemad Suure-Jaani kandi mehed. Muusikalist haridust Andresel muusikakooli jagu ja Markol ka &#8211; tema vend l\u00f5petas Peda\u00a0orkestrijuhtimise eriala. Omaette on m\u00f5lemad pidusid teinud keskoolist alates. 2005. aasta suvest alates m\u00e4ngivad koos. Muusikaline maitse on kujunenud 80-90-ndate aastate m\u00f5ju all. Seep\u00e4rast ongi repertuaaris mitmeid tollaseid laule &#8211; seda &hellip; <a href=\"https:\/\/viiser.ee\/index.php\/osalised\/\" class=\"more-link\">Loe edasi <span class=\"screen-reader-text\">Osalised<\/span> <span class=\"meta-nav\">&rarr;<\/span><\/a><\/p>\n","protected":false},"author":1,"featured_media":0,"parent":0,"menu_order":0,"comment_status":"closed","ping_status":"closed","template":"","meta":{"footnotes":""},"class_list":["post-7","page","type-page","status-publish","hentry"],"_links":{"self":[{"href":"https:\/\/viiser.ee\/index.php\/wp-json\/wp\/v2\/pages\/7","targetHints":{"allow":["GET"]}}],"collection":[{"href":"https:\/\/viiser.ee\/index.php\/wp-json\/wp\/v2\/pages"}],"about":[{"href":"https:\/\/viiser.ee\/index.php\/wp-json\/wp\/v2\/types\/page"}],"author":[{"embeddable":true,"href":"https:\/\/viiser.ee\/index.php\/wp-json\/wp\/v2\/users\/1"}],"replies":[{"embeddable":true,"href":"https:\/\/viiser.ee\/index.php\/wp-json\/wp\/v2\/comments?post=7"}],"version-history":[{"count":2,"href":"https:\/\/viiser.ee\/index.php\/wp-json\/wp\/v2\/pages\/7\/revisions"}],"predecessor-version":[{"id":30,"href":"https:\/\/viiser.ee\/index.php\/wp-json\/wp\/v2\/pages\/7\/revisions\/30"}],"wp:attachment":[{"href":"https:\/\/viiser.ee\/index.php\/wp-json\/wp\/v2\/media?parent=7"}],"curies":[{"name":"wp","href":"https:\/\/api.w.org\/{rel}","templated":true}]}}

<p><a href="https://viiser.ee/wp-content/uploads/2015/09/100125056.jpg"><img loading="lazy" decoding="async" class="size-medium wp-image-26 alignright" src="https://viiser.ee/wp-content/uploads/2015/09/100125056-200x300.jpg" alt="100125056" width="200" height="300" srcset="https://viiser.ee/wp-content/uploads/2015/09/100125056-200x300.jpg 200w, https://viiser.ee/wp-content/uploads/2015/09/100125056-683x1024.jpg 683w, https://viiser.ee/wp-content/uploads/2015/09/100125056.jpg 1067w" sizes="auto, (max-width: 200px) 100vw, 200px" /></a>Muusikat teevad bändis kaks noormeest: Marko ja Andres. Mõlemad Suure-Jaani kandi mehed. Muusikalist haridust Andresel muusikakooli jagu ja Markol ka &#8211; tema vend lõpetas Peda orkestrijuhtimise eriala. Omaette on mõlemad pidusid teinud keskoolist alates. 2005. aasta suvest alates mängivad koos.</p>
<p>Muusikaline maitse on kujunenud 80-90-ndate aastate mõju all. Seepärast ongi repertuaaris mitmeid tollaseid laule &#8211; seda küll natuke tänapäevasemas vormis. Meeldivad siiki rohkem hoogsad tantsulised laulud, kuid ka &#8220;valgete rooside&#8221; mängimisega saavad nad hakkama.</p>

<p>Muusikat teevad bändis kaks noormeest: Marko ja Andres. Mõlemad Suure-Jaani kandi mehed. Muusikalist haridust Andresel muusikakooli jagu ja Markol ka &#8211; tema vend lõpetas Peda orkestrijuhtimise eriala. Omaette on mõlemad pidusid teinud keskoolist alates. 2005. aasta suvest alates mängivad koos. Muusikaline maitse on kujunenud 80-90-ndate aastate mõju all. Seepärast ongi repertuaaris mitmeid tollaseid laule &#8211; seda &hellip; <a href="https://viiser.ee/index.php/osalised/" class="more-link">Loe edasi <span class="screen-reader-text">Osalised</span> <span class="meta-nav">&rarr;</span></a></p>
